t a be f(-8). Let t be a/3 + -5 + 12 + -4. Calculate the highest common factor of 85 and t.
17
Suppose -972 = -3*m + 3*c, -19*m + 18*m - 2*c + 321 = 0. What is the highest common divisor of m and 51?
17
Let l(v) = -v**3 + 23*v**2 - 78*v + 115. Let c be l(19). Calculate the highest common factor of 1771 and c.
77
Let b(c) be the third derivative of -c**6/120 - c**5/4 - 17*c**4/24 - 41*c**3/6 + 6*c**2 - 4*c. Let w be b(-14). What is the highest common factor of w and 61?
1
Let a = 6 - 2. Suppose 5*q - 3*v + 2*v = -1, -5*q = -a*v + 4. Suppose q = 3*b + 4*b - 1400. Calculate the greatest common divisor of b and 40.
40
Suppose -7*v + 5*q + 90 + 155 = 0, -4*q = -2*v + 52. What is the greatest common factor of 3176 and v?
8
Let y(v) = 3*v**2 - 2*v - 1. Let w be y(3). Let p = -68203 + 68218. Calculate the highest common factor of p and w.
5
Suppose 548151 - 1715031 = -88*u. Calculate the greatest common divisor of 120 and u.
60
Suppose 0 = 5*w - 4*s - 1254, -4*w - 4*s = 137 - 1133. Suppose -3*t = l - 49 - 11, 2*t - w = -4*l. What is the highest common factor of 45 and l?
9
Let v(k) = -227*k - 1364. Let w be v(-22). Calculate the greatest common factor of 11 and w.
11
Suppose 117*j + v - 9938 = 113*j, 3*j - 7448 = 2*v. Calculate the highest common factor of j and 108.
108
Let z be (-43)/1 + -1 + 1 + -2. Let h = 50 + z. Calculate the greatest common factor of h and 2.
1
Let s = 447 + -191. Let b = s - 247. Let h be (-2)/5 - (-317)/5. What is the highest common factor of b and h?
9
Let r be -542*5/50 + (-2)/(-10). Let f be (-2 + r/(-6))*(20 - 1). What is the greatest common divisor of 21 and f?
7
Let z = 1860 + -1761. Suppose -31 = -3*h + 35. What is the greatest common factor of h and z?
11
Let z = 5750 + -5123. What is the highest common factor of z and 15?
3
Suppose -34*u = 12*u. Suppose u = -5*d - 2*y + 545 + 151, 2 = -y. Calculate the highest common factor of d and 175.
35
Let w be (7 - (-6)/(-1)) + 2. Calculate the highest common divisor of w and 24.
3
Suppose -4*s + 5 - 1 = 0, s - 3256 = 5*j. Let b = -402 - j. What is the highest common divisor of 83 and b?
83
Suppose o = -67*o + 1360. Let f(r) be the first derivative of 4*r**3/3 + 7*r**2/2 - 2*r - 2. Let m be f(-6). Calculate the highest common divisor of o and m.
20
Let w = 32 - 30. Suppose 4*d + w - 50 = 0. Let o(j) = j**3 - 13*j**2 + 13*j + 10. Let y be o(d). Calculate the greatest common divisor of 11 and y.
11
Let a(y) = -41*y**2 - 3*y - 1. Let n be a(-4). Let u = 678 + n. Let r = 2 + 20. What is the highest common divisor of u and r?
11
Suppose 51*y + 2*p - 2113 = 46*y, -2*y + 3*p + 868 = 0. What is the highest common divisor of 680 and y?
85
Suppose -12089 = -309*n + 304*n - 2454. What is the highest common divisor of 123 and n?
41
Let y be (-7)/(-84)*4731 - 4/16. Let c = y + -61. What is the greatest common divisor of 9 and c?
9
Let v be (-2)/8 + 15/(1620/4347). Calculate the highest common factor of 820 and v.
20
Let u = -430 - -642. Let i = -164 + u. Let m(v) = v**3 - v**2 - 5*v + 3. Let d be m(3). Calculate the highest common divisor of i and d.
6
Suppose -5*s - 4*f - 402 = 0, 0 = 4*s - 4*f + 210 + 90. Let u = s + 93. What is the highest common divisor of u and 3?
3
Let k be (0 + (-2)/4)*-252. Suppose 8*o + o - k = 0. Suppose -5*r + 69 = 5*d - 6*d, 5*r + 5*d = 75. Calculate the highest common factor of r and o.
14
Let g be (-365)/(-55) + (-8 - (-92)/11). What is the highest common divisor of g and 118?
1
Let b be (-205062)/(-18) + 5/6*8/(-20). What is the highest common factor of 128 and b?
128
Let f(d) = d**2 - 7*d - 144. Let w be f(17). Let c be (-1 - -415) + 2 + 0. What is the greatest common divisor of w and c?
26
Suppose -k + 337 = 2*r, -199*r = -3*k - 197*r + 971. What is the highest common factor of 3 and k?
3
Let c(j) = 10*j - 86. Suppose 0 = 14*o - 4*o - 120. Let k be c(o). What is the highest common factor of k and 68?
34
Suppose -3*s = -t - 1845, -s + 574 + 31 = 3*t. Suppose -5*w = -3*w - j - s, -w + 302 = -3*j. Calculate the highest common factor of 14 and w.
14
Let s = 293 + -481. Let q = s + 303. Suppose -4922 = 157871*x - 157978*x. Calculate the greatest common divisor of x and q.
23
Let f be 6/(-27) + (-17716)/(-18). Suppose 4*o - f = -4*u, 12*u = 10*u - 4*o + 498. Calculate the greatest common divisor of 54 and u.
27
Suppose b - 11 = -4. Suppose -11*m + b*m + 68 = 0. Calculate the greatest common divisor of 272 and m.
17
Let d(m) = 102*m**2 - 51*m**2 - 9 - 50*m**2 + 18*m. Let l be d(-20). Calculate the greatest common divisor of l and 217.
31
Suppose 2*h - 24 = -4*h. Suppose -h = 4*p, -3*v - 3*p + 2123 = 62. What is the greatest common divisor of 43 and v?
43
Suppose -12*g = 4*m - 7*g - 761, 5*g - 950 = -5*m. Calculate the highest common divisor of m and 98.
7
Suppose 150 = -16*o + 19*o. Suppose 8*z - 10*z + o = 0. Calculate the highest common divisor of z and 75.
25
Suppose -9*j + 8008 = 2*j - 14542. Calculate the greatest common factor of j and 164.
82
Suppose 5*j = 13*c - 8*c + 10, -2*j = -4*c - 4. Let w be 3 + 107 - (j + -8). What is the highest common factor of 522 and w?
58
Suppose -5*y = -s + 172, 2*s - 334 = -19*y + 24*y. Let r be s - (-8 + (8 - 6)). Calculate the greatest common factor of 14 and r.
14
Suppose 2*w + 0 = -3*s + 716, w - 368 = s. Calculate the highest common divisor of 247 and w.
13
Let f(z) = -z + 4. Let s be f(-4). Suppose 180 = 3*a + 5*m - 251, 0 = 2*a + 3*m - 289. Calculate the greatest common divisor of s and a.
8
Suppose -28*c = 10*c - 827 - 503. Calculate the greatest common factor of c and 455.
35
Let x = 1498 + -1314. What is the highest common divisor of x and 874?
46
Suppose -27 + 15 = -6*s. Suppose s*a = 181 + 59. Suppose 7*f - a = -f. What is the highest common factor of f and 15?
15
Let u be (2 + -8)/(2/(-16)). Let s(x) = x**2 - 28*x + 39. Let i = 174 - 147. Let d be s(i). What is the highest common factor of u and d?
12
Let w = 90 - 56. Suppose 0 = 48*m - 39*m - 1530. What is the greatest common divisor of w and m?
34
Let v(h) = -18*h - 42. Let y be v(-3). Suppose -7*g + 171 = y*g. Suppose -4*x + 0*x + 36 = 0. Calculate the highest common divisor of g and x.
9
Let h be (2/(-3))/((-405)/44955). Calculate the highest common divisor of 5587 and h.
37
Let q be 35/14 - (-11)/(-2). Let w be (-1 + 3/q)*(-16 - -3). What is the highest common divisor of w and 221?
13
Let l(k) = k**3 - 8*k**2 + 2*k + 12. Let h be l(5). Let c = h - -30. Let i = c + 37. What is the greatest common factor of 98 and i?
14
Let q(w) = -979*w + 10 - 978*w + 1958*w. Let f(c) = -c**2 - 5*c - 3. Let a be f(-5). Let u be q(a). What is the highest common factor of u and 56?
7
Suppose 50*j - 348*j + 18476 = 0. Let r = 747 - 499. Calculate the highest common factor of j and r.
62
Suppose -3*p - 12 = -6*p. Suppose r - p*f - 44 = -2*f, 15 = -3*f. What is the highest common divisor of 119 and r?
17
Let r = 5 + -7. Let n be (1 - r)/(6/4). Suppose 2*w - a = -n*a + 7, -3*w = a - 11. What is the highest common divisor of w and 20?
4
Let j be 6/12 - (-39)/6. Let i be ((-3)/9)/((-6)/2142). Calculate the highest common divisor of j and i.
7
Let q = 1157 + 84. Calculate the highest common factor of q and 73.
73
Suppose -4*v - 5*y + 2 + 3 = 0, y = -4*v + 17. Suppose -v*r + 4*r = 4*q - 5, 3*r - 2*q = 1. What is the highest common factor of 4 and r?
1
Suppose 79*y - 17834 = -96*y + 138*y. What is the highest common factor of 1205 and y?
241
Let n be (-19)/(76/(-1320)) + (0 - (2 + -2)). Calculate the greatest common divisor of n and 176.
22
Let j = 172 + -78. Suppose -80 = j*f - 96*f. Suppose 3*t - 5*p - 15 = 0, 0 = -t + 2*t - 3*p - 1. What is the highest common divisor of t and f?
10
Let i = 28419 - 26995. Calculate the highest common factor of 128 and i.
16
Suppose 9207 = 12*b + 5*b - 15681. What is the greatest common divisor of b and 168?
24
Suppose -4*o = -8*o + 392. Let y(m) = m**3 + 5*m**2 + 4*m + 1. Let u be y(-4). Let z = 13 + u. Calculate the highest common factor of z and o.
14
Suppose -23*h = -7*h + 372 - 4772. What is the greatest common factor of 225 and h?
25
Let c be -30*(10/(-4) - -2). Let p = 105 - -255. Suppose -35*n + 38*n - p = 0. Calculate the highest common divisor of c and n.
15
Let t be (4*(-1 - -2))/((-5)/(-40)). Let m = t - 30. Let w be 42/9 + 1/3. What i